 67
Let j(n) be the third derivative of 13*n**5/60 + n**4/6 + n**3/3 + 2*n**2. Suppose -5*p - 13 = z, p + 7 = 5*p - 5*z. What are the prime factors of j(p)?
2, 23
Suppose -600 = -4*h + 3*k + 553, 3*k - 1421 = -5*h. What are the prime factors of h?
2, 11, 13
Suppose 0 = 10*r - 1262 - 1628. What are the prime factors of r?
17
Suppose 18 = -5*y + 3*z, 5*z - 10 = 3*y + 4. Let m = y + 7. Suppose 3*h = -m*l + 7 + 76, 4*h - 4*l - 92 = 0. What are the prime factors of h?
5
Let t(p) = 13*p - 105. What are the prime factors of t(20)?
5, 31
Let l be ((-2)/(-21)*-3)/(8/(-56)). Suppose -p - 88 = -2*p - 5*b, -3*p = l*b - 316. List the prime factors of p.
2, 3
Let p be (10/20)/(1/4). Suppose 0 = p*s - 4*s + 186. Let f = s - 55. What are the prime factors of f?
2, 19
Let d be (-20)/(1 + -5)*-1. Let s be 5/(d/4) - -6. Suppose -c + s*c = -w + 35, -3*c = 9. What are the prime factors of w?
2, 19
Let v = -31 - -40. Let k = 57 + v. List the prime factors of k.
2, 3, 11
Let d(t) = t**2 + 6*t - 1. Let h be d(-9). List the prime factors of (2/5*h)/(10/50).
2, 13
Let b be -5*1*330/(-75). Suppose -b = -2*u + 46. List the prime factors of u.
2, 17
Let v = 285 + -92. Suppose -n - 194 = -4*n - c, 0 = 3*n + 2*c - v. What are the prime factors of n?
5, 13
Let q(g) = -2*g**2 - 4*g - 2. Let p = -9 + 7. Let b be q(p). What are the prime factors of 1*b*1079/(-26)?
83
Let m = 69 + 414. What are the prime factors of m?
3, 7, 23
Suppose -5*x - 3*o = -2505, x + 11*o = 9*o + 508. What are the prime factors of x?
2, 3, 83
Suppose 77760 = 35*r - 17*r. List the prime factors of r.
2, 3, 5
Suppose 7*m - 4*g - 59 = 2*m, -5*m + 79 = g. Let o = m + 7. Let u = -10 + o. What are the prime factors of u?
2, 3
Suppose 0 = 41*g - 34041 - 2736. What are the prime factors of g?
3, 13, 23
Suppose 3*f + 4*o - 77 = 0, -2*o - 42 = -2*f - 7*o. Let q = f + 31. List the prime factors of q.
2, 31
Let g = 9 + -12. Let v = 21 + g. Suppose -3*n + 3*o = -v, 2*n - 12 = -5*o + 7. List the prime factors of n.
7
Let l = 20 + -19. Suppose -y + 3*y + l = 5*t, 3*y = -2*t + 8. List the prime factors of 99/(-6)*-1*y.
3, 11
Suppose 11767 = 5*r - 5*s + 9*s, 11769 = 5*r + 3*s. List the prime factors of r.
3, 5, 157
Suppose -g - 35 = -6*g. Suppose -u - 5 = 3*t - 14, -3*t + 12 = 0. Let l = g - u. What are the prime factors of l?
2, 5
What are the prime factors of (0 + 3/6)/((-17)/(-22134))?
3, 7, 31
Suppose 2*a - 5*i - 143 = -a, -5*a + 5*i = -255. Let s = 98 - a. What are the prime factors of s?
2, 3, 7
Let y(k) = 2*k**3 - 8*k**2 - 7*k - 9. What are the prime factors of y(6)?
3, 31
Suppose s = 3*d - 8, -4*s = 5*d - 3*s - 24. Suppose 0*z = h - d*z - 106, -h = -3*z - 108. What are the prime factors of h?
2, 3, 19
Let m(o) = -25*o**2 + 24*o**2 + 4*o**3 - 3*o**3 + 65. Let d be m(0). Suppose -d = -3*l - 23. What are the prime factors of l?
2, 7
Let u be 28/(-6)*(10 - -2). Suppose -70*d + 69*d - 81 = 0. Let q = u - d. List the prime factors of q.
5
Let k(z) = 3*z - 4. List the prime factors of k(21).
59
Let o be (-6)/21 - (-120)/28. Suppose -r + f = o*r - 135, 0 = -3*r - f + 73. Suppose -22*c - 68 = -r*c. What are the prime factors of c?
17
Let l(d) be the third derivative of -3/20*d**6 + 0*d + 1/30*d**5 + 5*d**2 + 0 + 1/6*d**3 + 1/12*d**4. List the prime factors of l(-1).
19
Let q = 421 + 22. List the prime factors of q.
443
Let t(o) = -9*o + 62. List the prime factors of t(-8).
2, 67
Suppose -205*p - 63255 = -220*p. List the prime factors of p.
4217
Let a(n) = -n**3 + 17*n**2 + 7*n - 7. List the prime factors of a(6).
431
Let m(t) = t**2 + 8*t + 34. Let c be 44/6*(-48)/32. List the prime factors of m(c).
67
Let h(g) = -g**3 + 11*g**2 + g + 5. Let m be h(11). Suppose 2*z - 6*z + 23 = -v, m = 5*z + 3*v. Suppose 11 + z = 4*r. List the prime factors of r.
2
Suppose 5*d = 8*d - 3*n - 2235, 0 = 5*d + n - 3725. What are the prime factors of d?
5, 149
Suppose -2*l = 135 - 411. Let g = l + 169. What are the prime factors of g?
307
Let n(k) = -k**3 - 11*k**2 + 16*k - 11. Let i be n(-13). Let q = 212 - i. Let z = q + -43. What are the prime factors of z?
2, 5
Let q(p) = 79*p - 130. List the prime factors of q(8).
2, 251
Let t be (19 - -1)/(1 - 0). Suppose 4*l - l = -4*f - 4, -2*l + t = -3*f. List the prime factors of 45*(l + (-40)/12).
2, 3, 5
Let w(y) = 46*y**2 + y + 1. Suppose 5*x + 5 = 3*n, -n - 1 = x - 6*n. What are the prime factors of w(x)?
2, 23
Suppose -82 - 8 = -10*k. Suppose -k*f + 4*f = -35. What are the prime factors of f?
7
Let y = -63 + 96. Let m = y - -137. List the prime factors of m.
2, 5, 17
Let q = 10 + -4. Let c = 11 - q. List the prime factors of -1 + 13 + 0/c.
2, 3
Let j = -78 + 80. Suppose -125 = -v - 5*o, -j*v + 4*o + 222 = -0*v. What are the prime factors of v?
5, 23
Suppose -26*b + 23*b = 5*j - 22422, 4*b = -4. List the prime factors of j.
3, 5, 13, 23
List the prime factors of (2 - -191) + 77/(-11).
2, 3, 31
Let i be (-2 + -72)/(-1 - 0). Suppose -2*g + 3*m + 24 = 0, -m = -3*g - 6*m + i. What are the prime factors of g?
2, 3
Suppose -6*l - 5 = -7*l. Suppose 0*q + 5 = 2*q + 3*i, 4*q - 13 = -l*i. Suppose 0 = r - 18 - q. What are the prime factors of r?
5
Let z(m) = 3*m**2 + 2*m - 2. Let d(g) be the third derivative of g**5/60 + 7*g**4/24 + 3*g**3/2 - 11*g**2. Let a be d(-4). List the prime factors of z(a).
19
Let x be (-176)/(-8) + (12/1)/(-4). Let z = 6 - 1. Suppose 0 = y + z*w - 29, -5*y - 4*w = x - 164. List the prime factors of y.
29
Let u(i) = -i**2 + 7*i - 4. Let l(f) = -f**2 + 6*f - 4. Let v(k) = -4*l(k) + 3*u(k). Let a = 61 + -55. What are the prime factors of v(a)?
2, 11
Let a = 290 + -35. List the prime factors of a.
3, 5, 17
Suppose 2*z + 14*z = 9312. What are the prime factors of z?
2, 3, 97
Suppose 3*w + 1804 = 4*y, -1348 = -3*y + 2*w - w. List the prime factors of y.
2, 7
Let x(k) = 81*k + 139. What are the prime factors of x(14)?
19, 67
Let d(q) = -2*q**2 + 2*q + 2. Let u(r) = 3*r**2 - 3*r - 2. Let j(g) = 5*d(g) + 4*u(g). Suppose 114*k - 100*k + 28 = 0. What are the prime factors of j(k)?
2, 7
Let g be -2 + 2 + 0/(-1). Let c(z) = 0*z**3 + 4*z**3 + g*z**3 - 3*z**2 + 1 + 2*z. What are the prime factors of c(2)?
5
Suppose 0 = -72*h + 58*h + 21448. What are the prime factors of h?
2, 383
Let s be (0/1 + 116/(-12))*-12. Suppose i - 3*i + 8 = 0. Suppose -3*o = z + 4*z - s, -5*z - 213 = -i*o. What are the prime factors of o?
47
Let l(q) = 4*q**2 + 8*q + 35. List the prime factors of l(-5).
5, 19
Suppose 2*y + 1 = 3*f, 5*f = -5*y + 33 + 2. Suppose y*c + 13 = 29. List the prime factors of c.
2
Let t = -393 - -2070. What are the prime factors of t?
3, 13, 43
Suppose -x = -3*h - 7, -12 = -4*x - 6*h + 2*h. Suppose -3*w + 2*w + x = 0. Suppose w*i = 83 + 1. What are the prime factors of i?
3, 7
Suppose 366 + 882 = -2*m. Let f = -343 - m. What are the prime factors of f?
281
Let g(l) = l**3 + 7*l**2 - 9*l - 5. Let z be g(-8). Suppose 3*y - 3 + 2 = -5*o, -y = 5*o + z. What are the prime factors of (-60)/((-1)/y - 1)?
2, 5
Suppose 2*j = -2*y + 3178, 0 = -2*y - 4*j + 1467 + 1713. List the prime factors of y.
2, 397
Suppose -23*w + 8 = -19*w. Suppose 2*n + w*j - 124 = -j, -5*n - 4*j + 303 = 0. What are the prime factors of n?
59
What are the prime factors of (-4)/(-14) + 117312/224?
2, 131
Let q = -214 + 1329. List the prime factors of q.
5, 223
Suppose -14*d + 1508 = -10*d. List the prime factors of d.
13, 29
Let m = -290 + 512. What are the prime factors of m?
2, 3, 37
Suppose -3 = g - 4*d - 19, 3*g + 12 = -3*d. Suppose p + g*p - 16 = 0. Suppose 2 - p = -7*u. List the prime factors of u.
2
Suppose -7 = -t - 0*m - 3*m, 0 = 2*m - 2. Suppose t*b + 455 = 9*b. What are the prime factors of b?
7, 13
Let p = 1730 - 1024. What are the prime factors of p?
2, 353
Suppose 78 = 21*y - 18*y. What are the prime factors of ((-13)/y)/((-2)/28)?
7
Let i be -3*(2/3)/(-1). Suppose -5*g - 35 = -i*r, -3*g = -4*r + 33 + 2. List the prime factors of (-390)/(-50) + (-1)/g.
2
Let s(j) = 7*j**2 - 11*j + 58. List the prime factors of s(-14).
2, 3, 11
What are the prime factors of -10 - 30/(-5) - (-218 - 0)?
2, 107
Suppose 0 = -31*r + 23854 + 17624. List the prime factors of r.
2, 3, 223
Let w be -1 + 3663/(2 + -1). What are the prime factors of 24/156 + w/26?
3, 47
Suppose 2*a - 6*a + 20 = 0. Suppose 5*u = 3 + 12. Suppose -105 = -a*y + u